is divided by 314?
252
What is the remainder when 61201 is divided by 11?
8
Calculate the remainder when 10659 is divided by 1499.
166
What is the remainder when 77204 is divided by 6433?
8
What is the remainder when 4209 is divided by 1675?
859
What is the remainder when 4507 is divided by 74?
67
Calculate the remainder when 8729 is divided by 203.
0
Calculate the remainder when 25286 is divided by 267.
188
What is the remainder when 89867 is divided by 179?
9
Calculate the remainder when 542 is divided by 52.
22
Calculate the remainder when 1583 is divided by 175.
8
Calculate the remainder when 3351021 is divided by 27.
24
Calculate the remainder when 297 is divided by 33.
0
Calculate the remainder when 44927 is divided by 117.
116
Calculate the remainder when 8440 is divided by 8420.
20
What is the remainder when 31836 is divided by 17?
12
Calculate the remainder when 50558 is divided by 16780.
218
Calculate the remainder when 1867 is divided by 104.
99
Calculate the remainder when 6700 is divided by 2209.
73
What is the remainder when 239 is divided by 76?
11
What is the remainder when 29629 is divided by 581?
579
Calculate the remainder when 20229 is divided by 72.
69
Calculate the remainder when 8536 is divided by 224.
24
What is the remainder when 147359 is divided by 196?
163
Calculate the remainder when 3209 is divided by 1055.
44
Calculate the remainder when 37128 is divided by 2852.
52
What is the remainder when 45389 is divided by 568?
517
Calculate the remainder when 9049 is divided by 62.
59
Calculate the remainder when 1537131 is divided by 673.
672
What is the remainder when 171498 is divided by 20?
18
Calculate the remainder when 77177 is divided by 78.
35
What is the remainder when 1254 is divided by 94?
32
Calculate the remainder when 32558 is divided by 3254.
18
Calculate the remainder when 3492 is divided by 320.
292
What is the remainder when 35217 is divided by 167?
147
What is the remainder when 21092 is divided by 154?
148
Calculate the remainder when 2819 is divided by 403.
401
What is the remainder when 45862 is divided by 45847?
15
What is the remainder when 2691 is divided by 207?
0
Calculate the remainder when 261598 is divided by 200.
198
Calculate the remainder when 3098 is divided by 386.
10
What is the remainder when 3560 is divided by 1179?
23
What is the remainder when 39916 is divided by 29?
12
Calculate the remainder when 60736 is divided by 106.
104
What is the remainder when 3924 is divided by 546?
102
Calculate the remainder when 34937 is divided by 5819.
23
What is the remainder when 361984 is divided by 12?
4
Calculate the remainder when 1725 is divided by 443.
396
What is the remainder when 735 is divided by 79?
24
Calculate the remainder when 120958 is divided by 63.
61
Calculate the remainder when 1135 is divided by 14.
1
Calculate the remainder when 90862 is divided by 486.
466
Calculate the remainder when 2613 is divided by 2597.
16
What is the remainder when 47687 is divided by 298?
7
Calculate the remainder when 9399 is divided by 362.
349
Calculate the remainder when 97769 is divided by 34.
19
What is the remainder when 16954 is divided by 16924?
30
Calculate the remainder when 23534 is divided by 735.
14
Calculate the remainder when 25313 is divided by 26.
15
What is the remainder when 1745 is divided by 821?
103
Calculate the remainder when 9189 is divided by 1128.
165
What is the remainder when 60899 is divided by 290?
289
What is the remainder when 1517169 is divided by 717?
714
What is the remainder when 28934 is divided by 31?
11
What is the remainder when 3246573 is divided by 7?
1
Calculate the remainder when 571756 is divided by 2.
0
What is the remainder when 200291 is divided by 26?
13
What is the remainder when 1821 is divided by 495?
336
Calculate the remainder when 188298 is divided by 3692.
6
Calculate the remainder when 36181 is divided by 13.
2
What is the remainder when 1132081 is divided by 257?
253
Calculate the remainder when 5922 is divided by 398.
350
What is the remainder when 1847 is divided by 565?
152
Calculate the remainder when 65534 is divided by 886.
856
Calculate the remainder when 249 is divided by 1.
0
What is the remainder when 1943 is divided by 74?
19
What is the remainder when 9538 is divided by 9524?
14
Calculate the remainder when 71013 is divided by 17750.
13
Calculate the remainder when 4741 is divided by 25.
16
Calculate the remainder when 2966 is divided by 19.
2
Calculate the remainder when 1397 is divided by 397.
206
Calculate the remainder when 3265 is divided by 634.
95
What is the remainder when 16063 is divided by 47?
36
What is the remainder when 167132 is divided by 107?
105
What is the remainder when 37785 is divided by 83?
20
Calculate the remainder when 4764 is divided by 4686.
78
What is the remainder when 179773 is divided by 89?
82
Calculate the remainder when 2008 is divided by 607.
187
What is the remainder when 17686 is divided by 680?
6
What is the remainder when 1276 is divided by 316?
12
Calculate the remainder when 3649 is divided by 1545.
559
Calculate the remainder when 915 is divided by 28.
19
What is the remainder when 46817 is divided by 10?
7
What is the remainder when 29752 is divided by 346?
342
What is the remainder when 186 is divided by 131?
55
What is the remainder when 455 is divided by 332?
123
Calculate the remainder when 7576 is divided by 191.
127
What is the remainder when 4601167 is divided by 143?
142
Calculate the remainder when 14561 is divided by 2907.
26
Calculate the remainder when 714659 is divided by 71465.
9
What is the remainder when 696759 is divided by 5?
4
Calculate the remainder when 53376 is divided by 4448.
0
Calculate the remainder when 1578 is divided by 366.
114
Calculate the remainder when 11317 is divided by 388.
65
Calculate the remainder when 34067 is divided by 68.
67
Calculate the remainder when 887 is divided by 219.
11
What is the remainder when 507 is divided by 214?
79
What is the remainder when 39315 is divided by 39313?
2
Calculate the remainder when 270505 is divided by 31.
30
Calculate the remainder when 37035 is divided by 28.
19
Calculate the remainder when 81956 is divided by 234.
56
What is the remainder when 6579 is divided by 48?
3
Calculate the remainder when 29543 is divided by 29489.
54
What is the remainder when 2191 is divided by 31?
21
Calculate the remainder when 34748 is divided by 43.
4
Calculate the remainder when 183145 is divided by 61047.
4
Calculate the remainder when 427 is divided by 178.
71
Calculate the remainder when 51012 is divided by 8.
4
What is the remainder when 78011 is divided by 35?
31
What is the remainder when 65148 is divided by 8140?
28
What is the remainder when 399002 is divided by 27?
23
Calculate the remainder when 28994 is divided by 28983.
11
What is the remainder when 2008 is divided by 535?
403
Calculate the remainder when 241405 is divided by 25.
5
What is the remainder when 743188 is divided by 40?
28
Calculate the remainder when 1546524 is divided by 32.
28
Calculate the remainder when 46269 is divided by 192.
189
What is the remainder when 405 is divided by 153?
99
What is the remainder when 4924 is divided by 4923?
1
Calculate the remainder when 27030 is divided by 304.
278
What is the remainder when 10519 is divided by 5259?
1
Calculate the remainder when 9886 is divided by 9876.
10
What is the remainder when 184894 is divided by 145?
19
Calculate the remainder when 3052 is divided by 747.
64
Calculate the remainder when 12153 is divided by 20.
13
Calculate the remainder when 138575 is divided by 3012.
23
What is the remainder when 20937 is divided by 167?
62
Calculate the remainder when 669172 is divided by 71.
68
What is the remainder when 2135 is divided by 533?
3
What is the remainder when 1555244 is divided by 48?
44
Calculate the remainder when 21073 is divided by 117.
13
What is the remainder when 224769 is divided by 338?
337
What is the remainder when 975 is divided by 897?
78
What is the remainder when 212848 is divided by 15?
13
What is the remainder when 393414 is divided by 332?
326
Calculate the remainder when 10518 is divided by 436.
54
What is the remainder when 14748 is divided by 44?
8
Calculate the remai